 56780692?
2
What is the units digit of 818038955?
5
What is the tens digit of 213231236?
3
What is the ten thousands digit of 3441640149?
4
What is the hundreds digit of 1643320827?
8
What is the tens digit of 162013492?
9
What is the hundred thousands digit of 388530374?
5
What is the tens digit of 187713403?
0
What is the millions digit of 243516385?
3
What is the hundreds digit of 4194516552?
5
What is the units digit of 574434023?
3
What is the billions digit of 2643534560?
2
What is the ten thousands digit of 39167829?
6
What is the tens digit of 24004471?
7
What is the millions digit of 1399095120?
9
What is the tens digit of 15676824?
2
What is the hundred millions digit of 795011950?
7
What is the units digit of 41689530?
0
What is the ten thousands digit of 45111364?
1
What is the tens digit of 611378114?
1
What is the thousands digit of 20329100?
9
What is the hundreds digit of 8334796599?
5
What is the ten millions digit of 266741241?
6
What is the hundred thousands digit of 28970504?
9
What is the ten thousands digit of 294623189?
2
What is the tens digit of 2960894?
9
What is the units digit of 96416031?
1
What is the hundred thousands digit of 1503540971?
5
What is the hundred millions digit of 114484251?
1
What is the millions digit of 217523525?
7
What is the tens digit of 1671593159?
5
What is the thousands digit of 323702788?
2
What is the hundred millions digit of 161135850?
1
What is the hundreds digit of 460065883?
8
What is the millions digit of 70192750?
0
What is the ten millions digit of 169836462?
6
What is the tens digit of 34130150?
5
What is the thousands digit of 350315914?
5
What is the hundred thousands digit of 805877585?
8
What is the thousands digit of 221821421?
1
What is the hundred millions digit of 3369387602?
3
What is the hundreds digit of 775547250?
2
What is the hundred thousands digit of 1412572666?
5
What is the hundred thousands digit of 6318028695?
0
What is the tens digit of 56640563?
6
What is the thousands digit of 1292615286?
5
What is the hundred millions digit of 680568084?
6
What is the ten thousands digit of 33009911?
0
What is the millions digit of 3632855207?
2
What is the tens digit of 1995200145?
4
What is the tens digit of 3886785328?
2
What is the thousands digit of 130368442?
8
What is the millions digit of 141940951?
1
What is the tens digit of 453189393?
9
What is the ten thousands digit of 3060758997?
5
What is the thousands digit of 2504585602?
5
What is the hundred thousands digit of 84550114?
5
What is the thousands digit of 2210998439?
8
What is the thousands digit of 921562024?
2
What is the hundred thousands digit of 846515998?
5
What is the units digit of 443542286?
6
What is the hundred thousands digit of 203748522?
7
What is the ten millions digit of 186224905?
8
What is the hundreds digit of 2759456092?
0
What is the millions digit of 68137799?
8
What is the ten millions digit of 49391702?
4
What is the ten thousands digit of 4607593140?
9
What is the units digit of 16389247?
7
What is the tens digit of 42511622?
2
What is the hundreds digit of 1359026?
0
What is the tens digit of 2959206350?
5
What is the hundreds digit of 240096425?
4
What is the ten thousands digit of 57227952?
2
What is the ten millions digit of 23286661?
2
What is the millions digit of 341911373?
1
What is the tens digit of 3289059713?
1
What is the units digit of 4421911?
1
What is the hundred millions digit of 476391608?
4
What is the units digit of 4771523750?
0
What is the thousands digit of 135121659?
1
What is the hundred thousands digit of 23738872?
7
What is the tens digit of 1630382593?
9
What is the thousands digit of 419824275?
4
What is the ten millions digit of 13951503?
1
What is the billions digit of 1722421165?
1
What is the units digit of 30242905?
5
What is the thousands digit of 26685897?
5
What is the thousands digit of 94915661?
5
What is the thousands digit of 2695293692?
3
What is the hundred thousands digit of 31310361?
3
What is the tens digit of 786723085?
8
What is the millions digit of 687598036?
7
What is the ten thousands digit of 6706293?
0
What is the millions digit of 344555026?
4
What is the tens digit of 167665769?
6
What is the units digit of 816401047?
7
What is the thousands digit of 987344407?
4
What is the hundred thousands digit of 614384038?
3
What is the tens digit of 1024868539?
3
What is the thousands digit of 36337749?
7
What is the units digit of 321453737?
7
What is the ten millions digit of 28732305?
2
What is the ten thousands digit of 3324274531?
7
What is the hundred thousands digit of 73825536?
8
What is the ten thousands digit of 43722658?
2
What is the ten millions digit of 55706658?
5
What is the ten millions digit of 739955505?
3
What is the units digit of 2873651780?
0
What is the thousands digit of 124878342?
8
What is the millions digit of 2011278232?
1
What is the tens digit of 141186755?
5
What is the hundred thousands digit of 109541264?
5
What is the ten thousands digit of 405972261?
7
What is the hundreds digit of 239084799?
7
What is the ten thousands digit of 2662505073?
0
What is the hundreds digit of 504081830?
8
What is the units digit of 825770662?
2
What is the hundreds digit of 5031206047?
0
What is the ten millions digit of 1015133446?
1
What is the ten thousands digit of 397695277?
9
What is the tens digit of 76975020?
2
What is the ten thousands digit of 4109076986?
7
What is the hundred thousands digit of 17893665?
8
What is the thousands digit of 8514231262?
1
What is the hundred thousands digit of 198066934?
0
What is the hundred thousands digit of 6695920309?
9
What is the millions digit of 168010361?
8
What is the units digit of 538094705?
5
What is the ten thousands digit of 479007582?
0
What is the ten millions digit of 4909444391?
0
What is the ten thousands digit of 2492136629?
3
What is the thousands digit of 87824006?
4
What is the ten millions digit of 389470243?
8
What is the ten millions digit of 50773982?
5
What is the millions digit of 93647166?
3
What is the units digit of 520838622?
2
What is the tens digit of 101673960?
6
What is the hundred millions digit of 776660297?
7
What is the thousands digit of 38000027?
0
What is the hundreds digit of 275476033?
0
What is the thousands digit of 60993417?
3
What is the hundreds digit of 549951668?
6
What is the units digit of 919804349?
9
What is the millions digit of 1865907901?
5
What is the millions digit of 39787222?
9
What is the tens digit of 603417859?
5
What is the tens digit of 183886447?
4
What is the tens digit of 81954903?
0
What is the hundred thousands digit of 11167711?
1
What is the hundreds digit of 23147151?
1
What is the thousands digit of 306256566?
6
What is the thousands digit of 120639413?
9
What is the tens digit of 727059247?
4
What is the hundred thousands digit of 112144509?
1
What is the hundred thousands digit of 27091704?
0
What is the units digit of 1399302411?
1
What is the tens digit of 1282581839?
3
What is the millions digit of 2132102865?
2
What is the thousands digit of 27642047?
2
What is the ten thousands digit of 2320413843?
1
What is the ten thousands digit of 237991764?
9
What is the hundred thousands digit of 2568022136?
0
What is the ten millions digit of 1422479339?
2
What is the ten millions digit of 2207178826?
0
What is the hundreds digit of 142406560?
5
What is the hundreds digit of 4318029?
0
What is the tens digit of 64703502?
0
What is the hundreds digit of 598674553?
5
What is the hundred thousands digit of 6137954?
1
What is the ten thousands digit of 14271119?
7
What is the thousands digit of 402977261?
7
What is the hundred thousands digit of 114259403?
2
What is the thousands digit of 88836592?
6
What is the units digit of 401610857?
7
What is the hundred millions digit of 857137461?
8
What is the millions digit of 5878985141?
8
What is the thousands digit of 50391049?
1
What is the ten thousands digit of 62337537?
3
What is the ten millions digit of 14645193?
1
What is the ten millions digit of 632238907?
3
What is the millions digit of 204113923?
4
What is the ten thousands digit of 536984082?
8
What is the ten millions digit of 2697235035?
9
What is the ten thousands digit of 75970886?
7
What is the